{"id":24,"date":"2021-03-16T09:00:02","date_gmt":"2021-03-16T09:00:02","guid":{"rendered":"http:\/\/brfnorrgardet.se\/?page_id=24"},"modified":"2026-03-24T15:50:26","modified_gmt":"2026-03-24T14:50:26","slug":"arsredovisning","status":"publish","type":"page","link":"https:\/\/brfnorrgardet.se\/?page_id=24","title":{"rendered":"\u00c5rsredovisning"},"content":{"rendered":"<p><a href=\"https:\/\/brfnorrgardet.se\/wp-content\/uploads\/2026\/03\/Arsredovisning-2025.pdf\">\u00c5rsredovisning 2025<\/a><\/p>\n<p><a href=\"https:\/\/brfnorrgardet.se\/wp-content\/uploads\/2026\/03\/Revisionsberattelse-2025.pdf\">Revisionsber\u00e4ttelse 2025<\/a><\/p>\n<p><a href=\"https:\/\/brfnorrgardet.se\/wp-content\/uploads\/2026\/03\/Motioner-Arsstamma-2026.pdf\">Motioner \u00c5rsst\u00e4mma 2026<\/a><\/p>\n<p>&nbsp;<\/p>\n<p><a href=\"https:\/\/brfnorrgardet.se\/wp-content\/uploads\/2025\/05\/Brf-Norrgardet-Arsredovisning-2024.pdf\">\u00c5rsredovisning 2024<\/a><\/p>\n","protected":false},"excerpt":{"rendered":"<p>\u00c5rsredovisning 2025 Revisionsber\u00e4ttelse 2025 Motioner \u00c5rsst\u00e4mma 2026 &nbsp; \u00c5rsredovisning 2024<\/p>\n","protected":false},"author":1,"featured_media":0,"parent":0,"menu_order":0,"comment_status":"closed","ping_status":"closed","template":"","meta":{"_genesis_hide_title":false,"_genesis_hide_breadcrumbs":false,"_genesis_hide_singular_image":false,"_genesis_hide_footer_widgets":false,"_genesis_custom_body_class":"","_genesis_custom_post_class":"","_genesis_layout":"","footnotes":""},"class_list":{"0":"post-24","1":"page","2":"type-page","3":"status-publish","5":"entry"},"_links":{"self":[{"href":"https:\/\/brfnorrgardet.se\/index.php?rest_route=\/wp\/v2\/pages\/24","targetHints":{"allow":["GET"]}}],"collection":[{"href":"https:\/\/brfnorrgardet.se\/index.php?rest_route=\/wp\/v2\/pages"}],"about":[{"href":"https:\/\/brfnorrgardet.se\/index.php?rest_route=\/wp\/v2\/types\/page"}],"author":[{"embeddable":true,"href":"https:\/\/brfnorrgardet.se\/index.php?rest_route=\/wp\/v2\/users\/1"}],"replies":[{"embeddable":true,"href":"https:\/\/brfnorrgardet.se\/index.php?rest_route=%2Fwp%2Fv2%2Fcomments&post=24"}],"version-history":[{"count":15,"href":"https:\/\/brfnorrgardet.se\/index.php?rest_route=\/wp\/v2\/pages\/24\/revisions"}],"predecessor-version":[{"id":338,"href":"https:\/\/brfnorrgardet.se\/index.php?rest_route=\/wp\/v2\/pages\/24\/revisions\/338"}],"wp:attachment":[{"href":"https:\/\/brfnorrgardet.se\/index.php?rest_route=%2Fwp%2Fv2%2Fmedia&parent=24"}],"curies":[{"name":"wp","href":"https:\/\/api.w.org\/{rel}","templated":true}]}}